-2*x. Calculate the highest common divisor of x and d.
4
Let g be 13/(780/(-45)) + 355/4. Suppose -5*l + l = -u - 34, 3*l = -2*u + 20. Calculate the highest common factor of l and g.
8
Suppose 4*q - 3*q = 26. Let j = -5 + 79. Let w = j - 35. Calculate the highest common divisor of q and w.
13
Let n be 60*(-7)/(-14)*8/5. Calculate the highest common factor of n and 40.
8
Let c(r) = 4*r + 231. Let n be c(16). What is the greatest common factor of 59 and n?
59
Let m be 12/5 + (-4)/10. Suppose -m*f = -2*h - 0*h + 164, 267 = 3*h + 4*f. Let y = -1 - -35. Calculate the greatest common divisor of y and h.
17
Suppose 0 = 4*u - 5*u. Suppose -5*f + 0*f - 40 = u. Let n be (66/24)/((-2)/f). Calculate the highest common divisor of n and 99.
11
Let c be 15 - ((-20)/(-12) + (-12)/(-9)). Calculate the highest common factor of 21 and c.
3
Let q = -958 + 999. Calculate the highest common factor of q and 779.
41
Let r(n) = 10*n + 150. Let z be r(20). Suppose -4*q - 392 - 528 = 0. Let h = q + z. Calculate the greatest common divisor of 15 and h.
15
Let i(c) = -23*c**3 - 2*c**2 - 7*c - 6. Let v be i(-1). Calculate the highest common divisor of v and 99.
11
Suppose 0 = -11*t - 2*t + 182. Calculate the greatest common factor of t and 490.
14
Let c be (-52)/(-5) + (-2)/5. Let v(r) = -4*r**2 + 3*r**2 + 16*r + 10 - 5*r. Let x be v(10). What is the greatest common factor of x and c?
10
Suppose -5*u = -8*u + 12. Calculate the highest common factor of 2 and u.
2
Suppose 150*i = 148*i + 30. Calculate the greatest common divisor of 135 and i.
15
Let w(g) = -g**3 + 14*g**2 - 13*g + 18. Let b be w(13). Let u be (-15)/(-1*4/12). What is the greatest common divisor of u and b?
9
Suppose 0 = -u - 1, -2*t + 18 + 104 = -2*u. Suppose -5*i + 50 = -t. Calculate the greatest common factor of i and 22.
22
Let w = 32 + 8. Suppose 8 = 2*u - 2. What is the greatest common factor of w and u?
5
Let u be (-48)/(-16) + (0 - -2). Suppose -u*k = 23 - 243. What is the highest common factor of 110 and k?
22
Suppose 117*j + 280 = 124*j. What is the greatest common divisor of 72 and j?
8
Suppose 151 = -15*p + 1351. Calculate the greatest common divisor of 20 and p.
20
Let m(p) be the third derivative of -2*p**4/3 - 2*p**3 - 17*p**2. Let g be m(-2). What is the greatest common divisor of 10 and g?
10
Suppose m - 168 = -133. What is the greatest common factor of 105 and m?
35
Let p = -11 - -13. Suppose 0 = -u + p*u - 61. Suppose 4*b - u = -w + 22, -b - 4*w = -17. Calculate the highest common divisor of b and 105.
21
Let l(x) = -21*x - 9. Let p be l(-1). Suppose -s - 2*h + h + 10 = 0, -4*h - 32 = -5*s. Calculate the greatest common divisor of p and s.
4
Let z(w) = 4*w. Let r be z(1). Suppose -15 = -5*n - 5*x, -4*n + 7*n + r*x = 14. Let k be (88/16)/(n/(-8)). What is the highest common divisor of 33 and k?
11
Let t(q) = -q**2 - 5*q - 2. Let w be t(-3). Suppose l = 2*o - 181, -o + w*l = -l - 95. Let c be (18/5)/(18/o). What is the highest common factor of c and 36?
18
Suppose -7 = -5*q - 5*v + 8, v = 2*q. Let f = 27 - q. Suppose 4*z + 2*y = f - 4, -5*y = 5*z - 30. What is the highest common divisor of 1 and z?
1
Let s(y) = y**3 - 10*y**2 - 20*y + 27. Let j be s(11). Let o = j - -74. Let x = 11 + -8. Calculate the greatest common divisor of o and x.
1
Suppose 20 = 4*a - 0. Suppose 329 = 5*x - 3*f, a*f - 305 = -5*x - 0*x. Calculate the highest common factor of x and 8.
8
Let m = 10 - 7. Let t be (2/8)/(m/12). Suppose 4 = 11*s - 7*s + 4*c, 5*s - 2*c - 19 = 0. What is the greatest common divisor of t and s?
1
Let o = -18 + 49. Let s = o + -17. Suppose -x + 3*g = -98, -2*x - 3*g + 4*g = -196. What is the greatest common factor of x and s?
14
Let k = 11 + -7. Let z be (7 + (-1196)/78)*(-6)/5. What is the greatest common divisor of k and z?
2
Suppose 20 = z - 60. Suppose z = -6*c + 8*c. Let h(i) = -9*i**3 + i**2. Let q be h(-1). What is the highest common divisor of q and c?
10
Let b = 775 - 722. What is the greatest common factor of b and 159?
53
Let w(c) = -2*c**2 + 49*c - 95. Let s be w(22). Suppose 0 = 2*m + 2*m - 480. What is the greatest common factor of m and s?
15
Suppose -5*w + 830 - 260 = -2*s, -w + 5*s = -137. Suppose w - 322 = -3*p. Let h be (14/6)/((-1)/(-3)). Calculate the greatest common factor of p and h.
7
Suppose -5*p = -3*h + 27, -h + 5*p - 10 = -9. Calculate the greatest common factor of 1442 and h.
14
Suppose -5*k = -2*f - 2*f - 27, 2*f - 3 = -3*k. Suppose -35 - 100 = -k*g. What is the highest common factor of g and 5?
5
Let f be (-119)/(-35)*(-3 + 1)*-5. What is the greatest common factor of f and 136?
34
Suppose -32 - 121 = -3*v - 3*p, 3*v - 183 = 3*p. What is the highest common factor of v and 8?
8
Let n = 542 + -464. What is the greatest common factor of 351 and n?
39
Let m = 188 + -111. Let c = 387 - 376. What is the highest common factor of c and m?
11
Let o(w) = -w**3 - 12*w**2 - 4*w - 45. Let s be o(-13). What is the greatest common divisor of s and 22?
22
Let b = 1098 - 894. What is the greatest common divisor of 238 and b?
34
Suppose -g - 6 = -4*g. Suppose -11*w - 2 = -24. Suppose 4*a + g*r - 114 + 18 = 0, -5*r = -a + w. Calculate the greatest common factor of a and 11.
11
Let m(p) = 4*p + 6. Let k be m(3). Suppose 0 = 4*n - 4*b + 8, -n + k = -2*n - 3*b. Let a be (-2)/((-1)/n*-2). Calculate the greatest common factor of 6 and a.
6
Suppose 30*b - 4016 = 14344. Calculate the greatest common factor of 68 and b.
68
Suppose -250 - 275 = -5*r. Calculate the highest common factor of r and 63.
21
Suppose -4*z = 5*w - 65, 70 = 5*w + 84*z - 81*z. Let m be (-1)/(-5) - (-254)/5. Suppose -k + 34 = -m. Calculate the highest common factor of w and k.
17
Suppose -2*h - n = -751, 0*h + 5*h - 1875 = -3*n. Calculate the greatest common factor of 42 and h.
42
Let t be (-1*1)/((-12)/(-48)). Let d be (t + -152)*3/(-6). Suppose 4*x - 1 - 26 = 5*z, 3*x - 64 = -5*z. What is the highest common divisor of d and x?
13
Let d = -227 - -776. Calculate the greatest common factor of d and 61.
61
Let q(t) = -4*t - 16. Let i be q(-13). Let h = -49 - -126. Suppose 3*a = -d + i + h, 5*a = -2*d + 188. Calculate the greatest common factor of 19 and a.
19
Suppose -2*u = r - 2, 0 = -5*r + 3*u + 61 + 1. Suppose z + 1 - 5 = -3*c, 4*c = -3*z + 12. Calculate the highest common divisor of z and r.
2
Let m(t) = t**2 - 2*t - 3*t + t - 6*t + 15. Let f be m(9). What is the highest common divisor of f and 42?
6
Let a be (-282)/1034 - (-883)/11. What is the greatest common divisor of 48 and a?
16
Let a = -44 - -46. Let k be a*6/((-30)/(-325)). Calculate the highest common factor of k and 26.
26
Suppose 0 = 4*t - p - 34, 4*t + p - 30 = 4*p. Suppose 0 = -t*b + 160 + 92. What is the greatest common factor of 4 and b?
4
Let x(u) = 18*u**2 - u - 4. Let w be x(3). Let g = 59 - -3. What is the greatest common divisor of w and g?
31
Suppose 2*l + c = 1037, 0 = -2*l + 7*c - 4*c + 1049. Calculate the greatest common divisor of 416 and l.
104
Suppose 0*w - 10 = -5*w. Suppose b = w*b + 81. Let r = 126 + b. Calculate the highest common factor of 9 and r.
9
Let y be 105/18 - (-8)/48. Calculate the greatest common divisor of y and 48.
6
Let r(s) = 6*s**2 - 32*s + 11. Let g be r(7). Calculate the greatest common factor of g and 243.
81
Let g(a) = a**3 + 10*a**2 - 11*a - 25. Let c be g(-11). Let z = -13 - c. Let n(q) = 23*q + 1. Let f be n(1). What is the greatest common factor of z and f?
12
Let d = -10 - -31. Suppose 2*j + d = 77. Calculate the greatest common divisor of j and 140.
28
Let n = -3 + 20. Suppose -124*i = -126*i + 50. Let m = i - n. What is the greatest common divisor of m and 32?
8
Let q = 49 - 46. Suppose -f = 2, 3*f + 666 = q*a + 2*a. Let u be ((-12)/5)/((-1)/5). What is the greatest common divisor of a and u?
12
Let k(q) = -q**2 + 7*q + 8. Suppose 51 - 21 = 5*g. Let c be k(g). Suppose 23*f = 20*f + 42. What is the greatest common factor of f and c?
14
Let x = 21 + -30. Let t(g) be the first derivative of g**3/3 + 7*g**2/2 - 6*g + 1. Let i be t(x). What is the highest common divisor of 132 and i?
12
Let w = 716 + -676. Calculate the highest common divisor of 1280 and w.
40
Suppose 0 = 478*f - 500*f + 66. Let x(n) = -n**2 + 8*n + 3. Let z be x(8). What is the highest common divisor of f and z?
3
Let s = 140 - -4. Suppose -5*o 